ime factors of 22612607?
41, 467, 1181
What are the prime factors of 12167419?
11, 1106129
What are the prime factors of 156455?
5, 13, 29, 83
What are the prime factors of 436312?
2, 54539
List the prime factors of 20763885.
3, 5, 17, 107, 761
List the prime factors of 547684.
2, 269, 509
What are the prime factors of 121090?
2, 5, 12109
What are the prime factors of 82267?
82267
What are the prime factors of 1975857?
3, 13, 29, 1747
List the prime factors of 2183845.
5, 29, 15061
What are the prime factors of 8093827?
7, 1156261
What are the prime factors of 1876531?
173, 10847
List the prime factors of 4130432.
2, 23, 61
What are the prime factors of 2840448?
2, 3, 13, 569
List the prime factors of 1359895.
5, 211, 1289
List the prime factors of 4471542.
2, 3, 41, 73, 83
List the prime factors of 224702.
2, 283, 397
What are the prime factors of 1513573?
1513573
List the prime factors of 1082717.
1082717
What are the prime factors of 65847?
3, 47, 467
List the prime factors of 1832632.
2, 277, 827
List the prime factors of 428324.
2, 13, 8237
What are the prime factors of 23857682?
2, 139, 85819
List the prime factors of 3925533.
3, 19, 61, 1129
What are the prime factors of 103684?
2, 7, 23
What are the prime factors of 436142?
2, 7, 31153
What are the prime factors of 504108?
2, 3, 11, 19, 67
What are the prime factors of 3285915?
3, 5, 439, 499
List the prime factors of 2295347.
823, 2789
What are the prime factors of 10903676?
2, 7, 55631
What are the prime factors of 4886619?
3, 1628873
List the prime factors of 305963.
7, 109, 401
List the prime factors of 12356.
2, 3089
List the prime factors of 270671.
53, 5107
List the prime factors of 1897642.
2, 17, 55813
List the prime factors of 3298269.
3, 13, 23, 3677
List the prime factors of 1447816.
2, 137, 1321
What are the prime factors of 9636653?
13, 89, 8329
List the prime factors of 2862560.
2, 5, 17891
List the prime factors of 462728.
2, 7, 8263
List the prime factors of 6600142.
2, 3300071
List the prime factors of 308841.
3, 13, 7919
List the prime factors of 498804.
2, 3, 197, 211
List the prime factors of 5829684.
2, 3, 7, 69401
What are the prime factors of 376639?
376639
What are the prime factors of 2475281?
109, 22709
What are the prime factors of 16094?
2, 13, 619
What are the prime factors of 751111?
17, 23, 113
What are the prime factors of 23613820?
2, 5, 1180691
List the prime factors of 15880848.
2, 3, 373, 887
What are the prime factors of 3694958?
2, 1009, 1831
List the prime factors of 1774937.
1774937
What are the prime factors of 1371848?
2, 171481
List the prime factors of 1453672.
2, 11, 16519
What are the prime factors of 43740?
2, 3, 5
What are the prime factors of 630723?
3, 210241
List the prime factors of 15457073.
15457073
What are the prime factors of 5314450?
2, 5, 157, 677
List the prime factors of 6686071.
7, 955153
What are the prime factors of 810132?
2, 3, 67511
What are the prime factors of 497543?
647, 769
List the prime factors of 628073.
89, 7057
What are the prime factors of 674613?
3, 23, 3259
What are the prime factors of 3020622?
2, 3, 11, 45767
List the prime factors of 26091.
3, 13, 223
List the prime factors of 705743.
227, 3109
List the prime factors of 297957.
3, 11, 9029
List the prime factors of 15270644.
2, 313, 12197
List the prime factors of 808984.
2, 11, 29, 317
What are the prime factors of 982834?
2, 491417
List the prime factors of 1677270.
2, 3, 5, 7, 163
List the prime factors of 321554.
2, 43, 3739
List the prime factors of 17959531.
17, 1056443
List the prime factors of 506856.
2, 3, 7, 431
List the prime factors of 842549.
31, 27179
List the prime factors of 10171114.
2, 181, 28097
What are the prime factors of 36915007?
17, 947, 2293
List the prime factors of 166468.
2, 41617
List the prime factors of 4169777.
17, 61, 4021
What are the prime factors of 397583?
151, 2633
What are the prime factors of 7139566?
2, 7, 113, 4513
What are the prime factors of 2760899?
41, 67339
What are the prime factors of 2240269?
23, 257, 379
List the prime factors of 36982694.
2, 7, 149, 17729
What are the prime factors of 502466?
2, 251233
List the prime factors of 7184958.
2, 3, 11, 108863
List the prime factors of 278940.
2, 3, 5, 4649
List the prime factors of 71454.
2, 3, 11909
What are the prime factors of 4976258?
2, 7, 61, 5827
What are the prime factors of 589990?
2, 5, 41, 1439
List the prime factors of 14843359.
197, 75347
What are the prime factors of 185663?
401, 463
What are the prime factors of 242290?
2, 5, 24229
List the prime factors of 126624.
2, 3, 1319
List the prime factors of 763605.
3, 5, 71, 239
What are the prime factors of 6284378?
2, 269, 11681
What are the prime factors of 627239?
787, 797
List the prime factors of 1665348.
2, 3, 107, 1297
What are the prime factors of 725792?
2, 37, 613
What are the prime factors of 351716?
2, 23, 3823
List the prime factors of 3843245.
5, 7, 109807
List the prime factors of 58998.
2, 3, 9833
What are the prime factors of 33887869?
33887869
List the prime factors of 1256925.
3, 5, 16759
List the prime factors of 30898.
2, 7, 2207
What are the prime factors of 3496948?
2, 7, 13, 739
What are the prime factors of 2132614?
2, 11, 31, 53, 59
List the prime factors of 958742.
2, 479371
What are the prime factors of 25195651?
13, 367, 5281
What are the prime factors of 237245?
5, 23, 2063
What are the prime factors of 1165289?
19, 61331
List the prime factors of 5201604.
2, 3, 48163
What are the prime factors of 264201?
3, 7, 23, 547
List the prime factors of 652168.
2, 11, 7411
What are the prime factors of 253097?
13, 19469
List the prime factors of 3941.
7, 563
List the prime factors of 320507.
11, 29137
List the prime factors of 2505016.
2, 313127
List the prime factors of 23000939.
13, 37, 47819
List the prime factors of 8003546.
2, 71, 157, 359
What are the prime factors of 682011?
3, 11, 83
List the prime factors of 2841711.
3, 37, 25601
List the prime factors of 521716.
2, 13, 79, 127
List the prime factors of 13939960.
2, 5, 107, 3257
List the prime factors of 29627702.
2, 13, 17, 3943
List the prime factors of 2199878.
2, 67, 16417
What are the prime factors of 162199?
61, 2659
List the prime factors of 10962578.
2, 11, 107, 4657
List the prime factors of 101307.
3, 33769
What are the prime factors of 145489?
73, 1993
What are the prime factors of 2900137?
71, 40847
List the prime factors of 7862949.
3, 79, 11059
List the prime factors of 10038943.
10038943
What are the prime factors of 5579954?
2, 643, 4339
List the prime factors of 14838486.
2, 3, 13, 281, 677
List the prime factors of 1765.
5, 353
List the prime factors of 1676575.
5, 199, 337
List the prime factors of 2798170.
2, 5, 279817
What are the prime factors of 3891422?
2, 1945711
List the prime factors of 439680.
2, 3, 5, 229
What are the prime factors of 4805316?
2, 3, 133481
What are the prime factors of 760295?
5, 73, 2083
List the prime factors of 92976.
2, 3, 13, 149
What are the prime factors of 1230696?
2, 3, 17093
What are the prime factors of 1350606?
2, 3, 23, 9787
What are the prime factors of 302415?
3, 5, 20161
What are the prime factors of 6015535?
5, 17, 23, 181
What are the prime factors of 231699?
3, 13, 457
List the prime factors of 5867465.
5, 17, 69029
What are the prime factors of 829709?
829709
List the prime factors of 536921.
7, 11, 19, 367
List the prime factors of 15183812.
2, 7, 19, 28541
What are the prime factors of 657908?
2, 164477
List the prime factors of 27658012.
2, 197, 35099
What are the prime factors of 446989?
31, 14419
List the prime factors of 7192452.
2, 3, 599371
What are the prime factors of 1554731?
23, 2939
List the prime factors of 40263.
3, 13421
What are the prime factors of 156768?
2, 3, 23, 71
List the prime factors of 125618.
2, 107, 587
List the prime factors of 18837548.
2, 4709387
List the prime factors of 178189.
11, 97, 167
What are the prime factors of 2342057?
47, 49831
What are the prime factors of 1347032?
2, 163, 1033
List the prime factors of 28077553.
7, 1319, 3041
What are the prime factors of 1370371?
71, 19301
What are the prime factors of 6816933?
3, 61, 4139
List the prime factors of 5757271.
13, 17, 109, 239
What are the prime factors 